01 - -108)
-108
What is the value of (34 - (0 + -30 + 29)) + (1 - (8 + -1))?
29
Evaluate -61 + (11 - (7 - 13) - -8).
-36
What is 59 + 24 + -47 - -13?
49
What is 10 - 1 - 1 - (37 - 22) - 0 - -30?
23
Evaluate (190 - 230) + (10 - -7).
-23
Evaluate (17 - (0 - -2)) + 34 + 18 + 70.
137
Calculate -309 + 221 + (7 - -175).
94
What is the value of (-75 - -1) + -2151 + 2302?
77
13 - (-2 - (17 - 10) - -12)
10
23 + (5127 - 5137 - (-4 + (-2 + 3 - 1)))
17
What is (-1 - -1) + 2 + -5 + -3 + 77?
71
What is the value of -106 + 44 + 52 + (-2 - 23)?
-35
What is -11 + (62 - (16 + 9) - (2 + 1))?
23
Calculate -40 + (-17 + -1 - (-44 - -30)) + 5.
-39
What is (-1 + 1 - 0) + -183 + 104 + 42?
-37
What is 17 + -2 + 3 + (-195 - -216)?
39
Evaluate 50 - 2 - (-1857 + 1901).
4
Evaluate -17 + (8 + -10 - -26) + (-10 - 8).
-11
What is the value of (14 - (27 - (-17 - -16))) + (6 - -1) + 22?
15
What is the value of -22 + -9 - -2 - -27?
-2
What is the value of (-158 - -115) + -19 + (3 - 10) + 11?
-58
Evaluate 0 + 2 - (-10 + -8 + 15 + 48).
-43
What is 13 + -50 + -3 + (-191 - -167)?
-64
Evaluate -44 + (-24 - -28) + (-15 - -33).
-22
Evaluate 1769 + -1793 + -4 + 0 + 8 + -8.
-28
Calculate 16 + (72 - 9) + (6 - 13 - 2).
70
What is 106 + -112 + (1 - -10) + 70 + (-2 - 8)?
65
What is -102 + 34 + 31 + 15 - -49?
27
Evaluate 0 - 14 - (-23 - ((9 - 4) + -14) - 1).
1
What is 73 + (16 - 52) + -45 + (-1 - -11)?
2
What is 5 - (4 - -38) - (-23 + (-12 - -21))?
-23
Calculate -87 - -43 - (20 - -1).
-65
Evaluate -9 - (10 + 59 + -63 + -1 + 1 + 3).
-18
-4 - 1 - (-18 + (148 + -134 - (0 - 12)))
-13
(-7 - -6) + 3 - (-100 + 99 + -2 + 3)
2
(-54 - -25 - 36) + 34
-31
Calculate 11 - (2 + -2) - (135 - (15 + 43)).
-66
What is the value of (0 + -18 - (-27 + 32 + -14)) + 9 + 8?
8
Evaluate (-30 - -61) + -11 + -23.
-3
Calculate 1 + -31 + 971 + -942.
-1
What is the value of -110 + 138 + -61 + (-1 - -38)?
4
Evaluate (5 - (-4 - -113)) + (98 - (3 + 81)).
-90
Calculate 21 + (-35 - (-31 + 47 - 75)).
45
Evaluate 32 - 57 - -66 - 25.
16
What is the value of 2 + 6 + -11 + 1 + (15 - 14 - 6)?
-7
What is the value of -17 + -1 + 25 + (-14 - -4) - -17?
14
What is the value of -8 + -39 - ((33 - 27) + (-3 - 4))?
-46
Calculate (52 - (11 - (-20 - -6))) + -15.
12
Evaluate -6 - (5 + -6) - (5 - 0 - (-41 + 8)).
-43
Calculate (212 - 298) + (2 - 32).
-116
What is the value of (-2 + -1 - (2 - 8)) + -114 + (-24 - -159)?
24
Evaluate 16 - -19 - 38 - 41.
-44
What is the value of 7 + 0 - ((9 - (-57 + 2)) + (8 - 15))?
-50
What is the value of -5 - ((4 - 3) + (19 - 1) + -13 + -23)?
12
What is -4 + -21 + -18 + 18 + 16 + -3?
-12
(-4 - 18) + (-142 + 131 - (-11 - 2 - 0))
-20
Evaluate -28 - (38 + -96 - -14).
16
Calculate (-10 - 1 - -2) + (-19 + 6 - -26) + -22.
-18
Calculate -2101 + 2080 + (8 - 0).
-13
Calculate (15 + -24 + 0 - (-1 + (3 - 10))) + -44.
-45
-83 - (-41 + 18 - -18 - (7 + (1 - 5)))
-75
-8 - ((13 - -15) + -39 - (-11 - 2)) - 131
-141
What is the value of 318 - 318 - (4 - (59 + (2 - (8 - 4))))?
53
-1 + 0 + -4 + (-52 - 92 - -158)
9
15 + 0 + (60 - -121 - 235)
-39
Calculate -10 + -1 - (13 - (1 + -1 + 11)).
-13
Evaluate 66 + 3 + (14 - 2) + (-1 - (27 - 14)).
67
Evaluate -43 - ((1 - (3 + (4 - 4))) + -15 + 5).
-31
Evaluate 548 - 489 - (-59 - 10).
128
Calculate 4 + 1 + 5 + -18 - 34.
-42
Calculate (-18 - -5) + 2 - -53.
42
Evaluate (104 - 164) + 51 + -8 - (-1 + 1 - -3).
-20
Calculate (-127 - -130) + ((-7 - 1) + 8 - (-72 + -2)).
77
What is -1 + 1 + (21 - 15) + (-9 + -7 - -58)?
48
What is the value of 56 + (-52 - 21) - -38?
21
Evaluate (15 - (-44 - -52)) + (16 - 9).
14
Evaluate (-1 - (-13 - -1)) + 44 + (74 - 25) + -57.
47
What is the value of (-9 - (-19 + 25)) + -35 + (-7 - -3 - -10)?
-44
Calculate -24 - (-1 + 18 - (11 + 21 - 19)).
-28
(-138 - 39) + (111 - 6)
-72
Calculate 5 + -37 + (42 - -18) + -64.
-36
Evaluate 5 - (7 - ((22 - (-21 + 25)) + 0 + 8)).
24
What is the value of 14 - (10 + 19 - 18 - (13 + 2))?
18
-51 + 55 + 0 + (-67 - ((1 - 6) + 2))
-60
Evaluate -7 + 24 + 2 + -1 - (15 + -2).
5
-44 + (58 - 26) + 0 + (-1 - -7) - -55
49
What is (1 - -3) + -173 + (58 - 52 - (1 + -6))?
-158
(157 - 76) + 38 + -81
38
(3 - (-6 - 6 - -13)) + (-28 - 37)
-63
Evaluate 3 + -8 - ((155 - 76) + 8 + -8).
-84
-18 + 96 + (-53 - -62)
87
What is the value of -18 + (-13 + -10 + 13 - 7 - -109)?
74
What is the value of 66 + -163 + 96 - (48 - 1)?
-48
Calculate (-13 + 5 - (7 + -67)) + 28 + -41.
39
What is 141 + (-15 - ((31 - 62) + 50))?
107
Evaluate 12 + -612 + 593 + (14 - -1).
8
Calculate -60 + (59 - 11) + 28.
16
Evaluate 12 + ((-1 - 9) + -1 - (4 + -14 - 17)).
28
Evaluate 49 - 45 - (14 - (9 - -25)).
24
Calculate (-67 - 0) + (54 - 15) + -43 - -2.
-69
What is the value of 120 + 1 - (4030 + -4024)?
115
Evaluate (-415 - -446) + (6 + -5 - 6).
26
Calculate (4 - -26) + -90 + 50.
-10
Evaluate -6 + 10 + -10 + -64 + -12 - -19.
-63
Evaluate -8 - (-5 - (-5 - (-1 + 0))) - (-42 - -52).
-17
Evaluate (54 - (29 - -6)) + -22 + 2.
-1
What is 31 + 5 + 3 + -16 + (7 - 0)?
30
What is the value of -20 - 20 - (-20 - -42) - 27?
-89
(24 + -26 - (1 + 7 + 1)) + 30
19
3 + (7 - 20) + -4 - 14
-28
What is the value of (-3 + -3 - (55 + (-29 - 20))) + -21?
-33
Calculate 4 + 0 + 1 - (27 + 37 + -51).
-8
9 - (0 - 0) - (-5105 - -5092)
22
Evaluate (-13 - (-8 - 0) - (-14 - -10) - -9) + 21.
29
(6 - (7 + -14 + 9)) + -1 + 19
22
Evaluate (1 - -3) + (42 - 44) + -5 + 95.
92
Calculate 117 + -48 - (-27 - (-47 + 32)).
81
Calculate (17 - (46 + -26)) + -28.
-31
10 + (-25 - -3) - (7 + -63 + 1)
43
-29 + 7 - ((-185 - 2) + 451 + -425)
139
Evaluate -1 - ((0 - (-4 + 9 + -9 + 10)) + 12).
-7
Calculate (4 - (16 + -8 + 4)) + (61 - 11).
42
-13 - (7 - (10 + 3 + -2)) - -11
2
What is (-21 - -4) + 1 + 6 + 3 + -1 + -3?
-11
-30 + -37 + 23 + -27
-71
-24 + 151 + -50 + -61
16
Calculate -104 - -69 - (-5 + 3 + -3) - -12.
-18
What is (-7 - (2 + -2)) + (1057 - 1028) + -6 - -45?
61
What is the value of (1 - -74) + 1257 + -1269 + (-1 - 3)?
59
Evaluate 24 - (-20 + (-19 - -5 - -65)).
-7
What is -85 + (10 - -45 - -87)?
57
What is -86 - (3 - ((24 - 24) + 27))?
-62
Calculate (4 - -14 - 12) + (-2 - (-36 + -2)).
42
What is -18 - (4 + (22 - -19) + 19 - -24)?
-106
Evaluate (21 - (28 + -19) - 19) + (-2 - 25).
-34
What is -238 - (-135 - 3) - (-11 + 3)?
-92
Calculate -45 + 58 + (7 - 3) + -1 + 8.
24
Calculate 13 + -8 + -85 - (-136 + 121).
-65
Evaluate 122 + -155 + (7 - (4 - 8)).
-22
-6 + 6 - (-5 + (1 - -4) + 11 - 17)
6
Calculate 35 - ((-1 - (2 - 15)) + 260 + -266).
29
Calculate (-148 - -38 - -29) + 25.
-56
What is the value of 31 + 1 - (3 + (-55 - -209))?
-125
10 + (-75 - (-48 - -13))
-30
What is 12 - 0 - (15 - 18) - (-7 + 1)?
21
What is the value of -35 - (-5 + -1 + 2 + -2 + 502 + -506)?
-25
Calculate -17 - (62 + -19 + -32).
-28
Calculate (-59 - (-148 + 104)) + -56.
-71
What is (4 - -5) + 12 + (59 - 65 - (-2 - 9))?
26
31 + 5 + 2 + (8 - 2 - 5) + 0
39
Calculate -16 + 2 - ((7 + -45 - -13) + 2) - 114.
-105
(8 - (14 - -5) - -7) + 62
58
Evaluate (60 + -30 - -91 - (-1 - 2)) + -19.
105
Evaluate (12 - 9) + (313 - 232).
84
What is -10 - (11 - (17 + 13 + -11))?
-2
What is -18 + -22 + 26 + -19 + 0 + 3?
-30
What is the value of 5 - ((-190 - -163) + (0 - -4) - -2)?
26
-147 - (-32 - 30) - -21
-64
What is the value of 21 + (15 - 8) + -24 + -89 + 2?
-83
What is -27 - ((-19 + -14 - -25) + -16)?
-3
What is 63 - (-29 - -15 - -21) - (-7 - 10)?
73
Evaluate -376 + 365 - (-19 - (-3 - -3)).
8
15 - (9 - -3 - (-19 - 0 - (350 - 226)))
-140
What is the value of (-32 - -17 - -40 - 62) + -23?
-60
Evaluate (43 - -2) + (-67 + 32 - -49) - 10.
49
Evaluate (-7 - (-12 - 24)) + -26 - (0 + -5).
8
Evaluate 5 - 31 - 19 - -23.
-22
Calculate -25 + 61 + 57 + -165.
-72
What is the value of (-1 + 5 - (0 + -27)) + 3 + 854 + -844?
44
Calculate 5 + 0 - (-1 + 1) - (549 + 202 + -736).
-10
Evaluate (2 + 7 + 1 - (402 - 411)) + -94.
-75
Calculate 58 + (-9 - (-15 + 19 + -7)) + 7 + -4.
55
Evaluate 308 - 232 - (-1 + 5 - -16).
56
Calculate 7 - (-13 + 6 + 10) - (68 - 18).
-46
Calculate (2 - -3) + 34 - (2276 - 2357).
120
What is -156 + 231 + 9 + -102?
-18
Evaluate -1 + -3 - ((-9 + 26 + -7 - -16) + 12).
-42
Calculate -2 + 8 + 63 - 131.
-62
What is 9 + (-162 - -137) + (1 - -1)?
-14
(58 - -24) + -64 - (-45 - (-2 + 4))
65
What is the value of (-14 - (11 - ((38 - 1) + -15))) + -3?
-6
What is the value of -40 + 62 + -35 - 0?
-13
What is the